Suppose -3*j - 2*j = -715. Suppose 3*l = -46 + 196. Suppose 2*x - 41 - 20 = -5*o, 4*o = -x + l. Calculate the highest common factor of j and o.
13
Let k = -3 + 9. Suppose 0 = 1465*z - 1481*z + 192. Calculate the highest common factor of z and k.
6
Let k be (2 + -2)*(-1)/(-4). Suppose -t - 4 - 6 = k. Let p = -4 - t. Calculate the highest common divisor of p and 15.
3
Let u = 14 + -17. Let v(q) = -3*q - 16. Let i be v(-7). Let y = i + u. Calculate the highest common divisor of 10 and y.
2
Suppose -4*y + c + 57 - 19 = 0, -8 = 4*c. Calculate the greatest common divisor of 51 and y.
3
Let a(y) = -y**2 + 16*y - 25. Let h be a(12). What is the highest common divisor of 2231 and h?
23
Let y be (-600)/6*2*(-2)/8. Calculate the highest common factor of y and 100.
50
Let k be 2/5 + 756/60. Let h(n) = 362*n**2 + n. Let p be h(1). Suppose -r - 230 = 3*t - 5*t, -3*r = 3*t - p. Calculate the greatest common divisor of t and k.
13
Let c(k) = 6*k**2 - 2*k + 2. Let n be c(4). What is the highest common factor of 72 and n?
18
Suppose -7 + 75 = 4*z. Suppose 5*n - 33 = z. Suppose -n = -5*i - 0. Calculate the highest common divisor of i and 14.
2
Let h = -329 + 604. What is the greatest common divisor of h and 25?
25
Let q(x) = -x + 11. Let f be q(9). Suppose -f*r = 2*d + 4, 0*r + 3*r = -5*d - 8. Let g = 8 + d. What is the greatest common divisor of g and 7?
7
Let a(x) = -x**3 + 17*x**2 - 15*x - 11. Let l be a(16). Suppose 2*f + 2 = 3*p, -4*f = -6*f + 4. Calculate the greatest common divisor of p and l.
1
Suppose b + 2*p + 338 = -2*b, -5*p = -10. Let t = -42 - b. Let w(s) = -s**2 - 7*s - 1. Let v be w(-5). Calculate the greatest common divisor of t and v.
9
Suppose 0 = -2*s + 4. Suppose -8 = i - 10. What is the highest common factor of i and s?
2
Let x be (-65)/2*12/(-15). Suppose 0 = 2*f - d - 247 - 164, -d + 213 = f. Calculate the greatest common factor of f and x.
26
Suppose 0 = 12*l - 21*l + 171. Suppose 60 = 6*g - g. Let q = g + 26. What is the highest common divisor of q and l?
19
Let m = 1462 - 598. Calculate the greatest common factor of 32 and m.
32
Let c(j) = -j**3 - 5*j**2 - 5*j - 3. Let z be c(-4). Suppose 3*u = 2*h - z + 20, -4 = 2*h. What is the greatest common factor of u and 45?
5
Suppose 4*m - 230 - 75 = -3*t, 165 = 2*m - t. What is the highest common factor of 5 and m?
5
Let v = -81 - -180. Suppose -4*b + v = 15. Calculate the highest common factor of 21 and b.
21
Let a be (52/2 - 4)/(4/434). Calculate the greatest common divisor of 77 and a.
77
Suppose -3*i - 5*q = -3019, 0 = -7*q + 6*q + 2. What is the greatest common factor of 59 and i?
59
Suppose -23*c = -42*c + 95. Suppose -4*m - 40 = -4*b, -m - 10 = -3*b + 30. What is the highest common divisor of b and c?
5
Let c = 107 - 103. Suppose -2*q + 5*j + 133 = c*j, 5*j + 15 = 0. Calculate the highest common divisor of q and 13.
13
Let i(o) = o**2 - 12*o - 4. Let a be i(6). Let x = a - -70. Let q be (-2 + 17)/((-1)/(-5)). Calculate the greatest common factor of x and q.
15
Suppose 7 = -i + 5*n, -2*i - 2*i + 3*n - 11 = 0. Let l be 52/(-65)*(-35)/i. Let q be (-1827)/l + 1/(-2). Calculate the highest common factor of 26 and q.
26
Let x be 12/(-10)*1*(-10)/6. Suppose -2*t + 3*t = 2*j - 31, -3*t + 51 = 2*j. Calculate the highest common factor of j and x.
2
Suppose 9 = -3*w + 18, 0 = -3*u - 8*w + 240. What is the highest common factor of 225 and u?
9
Let m = -67 + 71. Suppose w = -2*h + 98, m*h - 372 = -4*w + h. Calculate the greatest common divisor of 18 and w.
18
Let t(v) = v**2 - 8*v - 31. Let k be t(11). What is the highest common divisor of 76 and k?
2
Let o = -542 - -614. What is the highest common divisor of 16 and o?
8
Let q(v) = -v**2 - 4*v - 4. Let t be q(-3). Let x(m) = -25*m - 1. Let o be x(t). Let b = 6 - 3. What is the highest common divisor of b and o?
3
Let c(n) = -12*n**3 - n**2 - 7*n - 6. Let m be c(-3). What is the highest common factor of 264 and m?
66
Suppose -2*o + 264 = -o. Suppose 262*l + 58 = o*l. What is the greatest common factor of 29 and l?
29
Suppose 5*f + 2 = -8. Let a be f + (-1 + 47)/1. Suppose 2*c - 2*l = a, -3*c + 27 = -2*c + 4*l. Calculate the highest common factor of 207 and c.
23
Let k(s) = 2*s**2 + 3*s + 1. Let a be k(-2). Suppose -4*b + a = -3*b. Calculate the highest common divisor of b and 1.
1
Suppose 7*s + 806 - 1009 = 0. Let f be 85 + 1*6/3. Calculate the highest common factor of f and s.
29
Let k(w) = -w**3 + 23*w**2 - 12*w + 32. Let a be k(11). What is the highest common divisor of 8 and a?
8
Suppose 2*k = 5*c - 2078, 2*c - 502 = 3*k + 327. Calculate the highest common divisor of 64 and c.
32
Suppose 0*r = 4*r + 4, -q - 14 = -2*r. Let n = q - -16. Suppose -2*w - 8 = n, -w - 36 = -3*i + 2*w. What is the highest common divisor of 2 and i?
2
Let j be 12/(-40) + (-886)/(-20). Let u be ((-22)/8)/(2/(-8)). What is the greatest common divisor of j and u?
11
Suppose 5*v + 120 = 2*t, 3*t = -v - v + 180. Let u = 40 - -12. Let h = u - 40. What is the greatest common divisor of h and t?
12
Suppose -35*f = -32*f - 429. Let r = f + -99. What is the greatest common factor of 11 and r?
11
Let w(p) = 7*p - 25. Let o be w(4). Suppose 5*a - 83 = -4*m, -5*m + 3*m = -o*a + 41. What is the highest common divisor of 6 and a?
3
Suppose -5*k - 48*v = -51*v - 503, -2*k + 3*v + 203 = 0. Calculate the greatest common divisor of k and 950.
50
Let x(h) = h + 6. Let t be x(-3). Suppose -16*a + 416 = -t*a. Calculate the greatest common factor of 2 and a.
2
Suppose 0 = 5*s - 274 - 176. Let a(c) = 4*c**2 + 3*c + 6. Let i be a(-4). Let v = 94 - i. What is the highest common divisor of s and v?
18
Suppose -1126 = -3*d - 2*h, 14*h - 12*h + 386 = d. Calculate the highest common divisor of d and 7.
7
Let q = 373 - 355. Calculate the greatest common factor of 234 and q.
18
Suppose -u = -3*u + 264. Calculate the greatest common factor of u and 6.
6
Let y(j) = 0*j + j - 5 + 0*j + 0*j. Let l be y(4). Let w be l + 4 - (-261)/9. Calculate the highest common divisor of w and 80.
16
Suppose 18 = -5*f + 4*f. Let j = -13 - f. Suppose 30*z - 729 = 471. What is the highest common divisor of z and j?
5
Let u(i) = i**3 + 5*i**2 + 2*i + 6. Let d be u(-5). Let g be 4*(d/2)/(-1). Let j = -9858 - -9862. What is the highest common factor of g and j?
4
Suppose z + 3*q + 12 + 8 = 0, -z = -4*q + 34. Let s = z + 56. Suppose -4*c + s = -530. Calculate the highest common factor of 14 and c.
14
Let s = 160 + -91. Suppose h - 181 = -s. Calculate the greatest common factor of h and 7.
7
Let r(n) = -n**3 + 5*n**2 + 7*n - 5. Let a be r(6). Let b be (2/4)/(a/84). Let g = 1996 + -1975. Calculate the greatest common factor of b and g.
21
Suppose -5*d + 3*z = 146, d + 37 = -0*d - 2*z. Let x = 21 + d. Let l = x + 32. Calculate the highest common factor of 242 and l.
22
Suppose 5*g - 4*s = 3188, 3*g - 1499 = -3*s + 430. Calculate the highest common factor of 384 and g.
128
Let w be -9 + (0 + 2 - -11). Calculate the greatest common factor of w and 57.
1
Suppose 5*z + 4*n - 9 = 0, -2*z - n = 4 - 10. Suppose 0*p = z*p - 220. Calculate the highest common divisor of p and 352.
44
Let l be ((-168)/(-10))/(3/10). Suppose -63 = -6*f - 21. What is the greatest common divisor of l and f?
7
Suppose l - 5 = x, -3*l + 10 - 3 = x. Let n be (16/20)/(x/(-635)). Suppose 3*q = 4*b + 299, -b = 3*q + 4*b - n. What is the highest common divisor of q and 31?
31
Let x(n) = n**3 + 8*n**2 - 5*n + 1. Suppose 21 = -2*o + 7. Let z be x(o). What is the greatest common factor of z and 17?
17
Let a = -23 + 32. Let g(z) be the second derivative of 13*z**3/6 - 9*z**2 - 2*z. Let n be g(a). Calculate the highest common factor of 66 and n.
33
Suppose -3 = 2*q - 3*q. Let k(m) = -m**2 + 5*m - 3. Let x be k(q). Suppose 2*o = -l + 15, x*o + 49 = l + 3*l. What is the highest common factor of 52 and l?
13
Let f = 254 + -252. Suppose -d + 20 = 3*d. Suppose i = -f*m + 104, i - 258 = -d*m - i. Calculate the greatest common factor of 20 and m.
10
Let z = 257 + -115. Suppose 2*y = 210 + z. What is the highest common factor of y and 22?
22
Let p = 1165 + -259. What is the highest common factor of p and 6?
6
Let u = -172 + 302. Suppose -10 = 3*q - q, 5*j - 4*q = u. What is the greatest common divisor of j and 242?
22
Suppose -2*f = 3*i - 24, -20*i + 4 = -19*i + 2*f. What is t